{"version":"1.0","provider_name":"El Arte del Bons\u00e1i en Bilbao | Blog de Beti Andres","provider_url":"https:\/\/www.bonsaicenter.es\/blog","author_name":"Beti Andr\u00e9s","author_url":"https:\/\/www.bonsaicenter.es\/blog\/author\/beti\/","title":"JO CON EL DESPERTAR DE LA PRIMAVERA. - El Arte del Bons\u00e1i en Bilbao | Blog de Beti Andres","type":"rich","width":600,"height":338,"html":"<blockquote class=\"wp-embedded-content\" data-secret=\"fLkVXf2Z9L\"><a href=\"https:\/\/www.bonsaicenter.es\/blog\/2018\/03\/jo-con-el-despertar-de-la-primavera\/\">JO CON EL DESPERTAR DE LA PRIMAVERA.<\/a><\/blockquote><iframe sandbox=\"allow-scripts\" security=\"restricted\" src=\"https:\/\/www.bonsaicenter.es\/blog\/2018\/03\/jo-con-el-despertar-de-la-primavera\/embed\/#?secret=fLkVXf2Z9L\" width=\"600\" height=\"338\" title=\"\u00abJO CON EL DESPERTAR DE LA PRIMAVERA.\u00bb \u2014 El Arte del Bons\u00e1i en Bilbao | Blog de Beti Andres\" data-secret=\"fLkVXf2Z9L\" frameborder=\"0\" marginwidth=\"0\" marginheight=\"0\" scrolling=\"no\" class=\"wp-embedded-content\"><\/iframe><script>\n\/*! This file is auto-generated *\/\n!function(d,l){\"use strict\";l.querySelector&&d.addEventListener&&\"undefined\"!=typeof URL&&(d.wp=d.wp||{},d.wp.receiveEmbedMessage||(d.wp.receiveEmbedMessage=function(e){var t=e.data;if((t||t.secret||t.message||t.value)&&!\/[^a-zA-Z0-9]\/.test(t.secret)){for(var s,r,n,a=l.querySelectorAll('iframe[data-secret=\"'+t.secret+'\"]'),o=l.querySelectorAll('blockquote[data-secret=\"'+t.secret+'\"]'),c=new RegExp(\"^https?:$\",\"i\"),i=0;i<o.length;i++)o[i].style.display=\"none\";for(i=0;i<a.length;i++)s=a[i],e.source===s.contentWindow&&(s.removeAttribute(\"style\"),\"height\"===t.message?(1e3<(r=parseInt(t.value,10))?r=1e3:~~r<200&&(r=200),s.height=r):\"link\"===t.message&&(r=new URL(s.getAttribute(\"src\")),n=new URL(t.value),c.test(n.protocol))&&n.host===r.host&&l.activeElement===s&&(d.top.location.href=t.value))}},d.addEventListener(\"message\",d.wp.receiveEmbedMessage,!1),l.addEventListener(\"DOMContentLoaded\",function(){for(var e,t,s=l.querySelectorAll(\"iframe.wp-embedded-content\"),r=0;r<s.length;r++)(t=(e=s[r]).getAttribute(\"data-secret\"))||(t=Math.random().toString(36).substring(2,12),e.src+=\"#?secret=\"+t,e.setAttribute(\"data-secret\",t)),e.contentWindow.postMessage({message:\"ready\",secret:t},\"*\")},!1)))}(window,document);\n<\/script>\n","description":"Que s\u00ed, que hoy comenzamos la primavera.&nbsp; Pues la vedad es que se ha lucido. Ha entrado sin pena ni gloria. \u00daltimamente pasan cosas muy raras con la primavera. La primera de todas es que parece invierno. Ayer volv\u00eda de visitar a mi madre y nevaba como si no hubiera un ma\u00f1ana. Esto no es [&hellip;]","thumbnail_url":"https:\/\/www.bonsaicenter.es\/blog\/wp-content\/uploads\/2018\/03\/Eldespertardelaprimaverabonsai28229.jpg"}

El Arte del Bonsái en Bilbao | Blog de Beti Andres

Beti Andrés

JO CON EL DESPERTAR DE LA PRIMAVERA. - El Arte del Bonsái en Bilbao | Blog de Beti Andres

<blockquote class="wp-embedded-content" data-secret="fLkVXf2Z9L"><a href="https://www.bonsaicenter.es/blog/2018/03/jo-con-el-despertar-de-la-primavera/">JO CON EL DESPERTAR DE LA PRIMAVERA.</a></blockquote><iframe sandbox="allow-scripts" security="restricted" src="https://www.bonsaicenter.es/blog/2018/03/jo-con-el-despertar-de-la-primavera/embed/#?secret=fLkVXf2Z9L" width="600" height="338" title="«JO CON EL DESPERTAR DE LA PRIMAVERA.» — El Arte del Bonsái en Bilbao | Blog de Beti Andres" data-secret="fLkVXf2Z9L" frameborder="0" marginwidth="0" marginheight="0" scrolling="no" class="wp-embedded-content"></iframe><script>
/*! This file is auto-generated */
!function(d,l){"use strict";l.querySelector&&d.addEventListener&&"undefined"!=typeof URL&&(d.wp=d.wp||{},d.wp.receiveEmbedMessage||(d.wp.receiveEmbedMessage=function(e){var t=e.data;if((t||t.secret||t.message||t.value)&&!/[^a-zA-Z0-9]/.test(t.secret)){for(var s,r,n,a=l.querySelectorAll('iframe[data-secret="'+t.secret+'"]'),o=l.querySelectorAll('blockquote[data-secret="'+t.secret+'"]'),c=new RegExp("^https?:$","i"),i=0;i<o.length;i++)o[i].style.display="none";for(i=0;i<a.length;i++)s=a[i],e.source===s.contentWindow&&(s.removeAttribute("style"),"height"===t.message?(1e3<(r=parseInt(t.value,10))?r=1e3:~~r<200&&(r=200),s.height=r):"link"===t.message&&(r=new URL(s.getAttribute("src")),n=new URL(t.value),c.test(n.protocol))&&n.host===r.host&&l.activeElement===s&&(d.top.location.href=t.value))}},d.addEventListener("message",d.wp.receiveEmbedMessage,!1),l.addEventListener("DOMContentLoaded",function(){for(var e,t,s=l.querySelectorAll("iframe.wp-embedded-content"),r=0;r<s.length;r++)(t=(e=s[r]).getAttribute("data-secret"))||(t=Math.random().toString(36).substring(2,12),e.src+="#?secret="+t,e.setAttribute("data-secret",t)),e.contentWindow.postMessage({message:"ready",secret:t},"*")},!1)))}(window,document);
</script>

Que sí, que hoy comenzamos la primavera.&nbsp; Pues la vedad es que se ha lucido. Ha entrado sin pena ni gloria. Últimamente pasan cosas muy raras con la primavera. La primera de todas es que parece invierno. Ayer volvía de visitar a mi madre y nevaba como si no hubiera un mañana. Esto no es [&hellip;]
